{"id":311,"date":"2013-10-18T00:01:20","date_gmt":"2013-10-18T03:01:20","guid":{"rendered":"https:\/\/comissaodaverdade.ufpr.br\/?page_id=311"},"modified":"2013-10-18T00:04:19","modified_gmt":"2013-10-18T03:04:19","slug":"andrade-barbosa-e-o-espirito-da-coragem","status":"publish","type":"page","link":"https:\/\/comissaodaverdade.ufpr.br\/?page_id=311","title":{"rendered":"Andrade, Barbosa e o esp\u00edrito da coragem!"},"content":{"rendered":"<div id=\"attachment_314\" style=\"width: 612px\" class=\"wp-caption alignnone\"><img loading=\"lazy\" decoding=\"async\" aria-describedby=\"caption-attachment-314\" class=\" wp-image-314    \" alt=\"Andrade Barbosa Estado do Paran\u00e1, 06\/06\/1982\" src=\"https:\/\/comissaodaverdade.ufpr.br\/wp-content\/uploads\/2013\/10\/barbosa-andrade-editado-reduzido1.jpg\" width=\"612\" height=\"386\" srcset=\"https:\/\/comissaodaverdade.ufpr.br\/wp-content\/uploads\/2013\/10\/barbosa-andrade-editado-reduzido1.jpg 756w, https:\/\/comissaodaverdade.ufpr.br\/wp-content\/uploads\/2013\/10\/barbosa-andrade-editado-reduzido1-300x189.jpg 300w\" sizes=\"(max-width: 612px) 100vw, 612px\" \/><p id=\"caption-attachment-314\" class=\"wp-caption-text\"><span style=\"color: #ff6600;\">Andrade &amp; Barbosa<\/span><br \/><span style=\"color: #ff6600;\">Estado do Paran\u00e1, 06\/06\/1982<\/span><\/p><\/div>\n<h1 style=\"text-align: center;\"><span style=\"color: #993300; font-family: 'comic sans ms', sans-serif;\">Andrade, Barbosa e o esp\u00edrito da coragem!<\/span><\/h1>\n<p><span style=\"color: #993300; font-family: 'comic sans ms', sans-serif;\">\u00a0<\/span><\/p>\n<p><span style=\"font-family: 'comic sans ms', sans-serif;\"><em><span style=\"color: #993300;\">Ap\u00f3s a Segunda Guerra o mundo come\u00e7ou a experimentar a democracia. Aqui a gera\u00e7\u00e3o de nossos pais fez a Constitui\u00e7\u00e3o democr\u00e1tica de 1946, que foi rasgada em 1964. Tempos em que se formou uma gera\u00e7\u00e3o com esp\u00edrito democr\u00e1tico e humanista.<\/span><\/em><\/span><\/p>\n<p><span style=\"font-family: 'comic sans ms', sans-serif;\"><em><span style=\"color: #993300;\">Veio o tempo autorit\u00e1rio, comandada pelos Inimigos da Sociedade Aberta descritos por Karl Popper, em que se fez a reforma de ensino aqui e no mundo, e tudo se desqualificou como nos ensina Allan Bloom, quando descreve o surgimento da Cultura Inculta. Neste per\u00edodo, o maior patrim\u00f4nio, o conhecimento das gera\u00e7\u00f5es anteriores, foi jogado na lata do lixo, deixando-nos como heran\u00e7a a recess\u00e3o, que durou at\u00e9 2003, o desemprego, a carestia e a fome.<\/span><\/em><\/span><\/p>\n<p><span style=\"font-family: 'comic sans ms', sans-serif;\"><em><span style=\"color: #993300;\">No enfrentamento a isso tudo, surge a resist\u00eancia democr\u00e1tica, e na Casa do estudante Universit\u00e1rio-CEU cria-se uma biblioteca clandestina, resistindo \u00e0 ignor\u00e2ncia do autoritarismo.<\/span><\/em><\/span><\/p>\n<p><span style=\"font-family: 'comic sans ms', sans-serif;\"><em><span style=\"color: #993300;\">Nas reuni\u00f5es clandestinas, se aplaudiam o aprendizado dos amigos com o estalo dos dedos, os companheiros se encontravam em pra\u00e7as abertas sentados em um banco, um de costas para o outro, e resistiam aos vigias de cada dia, que alertavam: se afastem deles. E por isso eram poucos, pois amedrontados, os covardes fugiam para cuidar dos seus interesses pessoais.<\/span><\/em><\/span><\/p>\n<p><span style=\"font-family: 'comic sans ms', sans-serif;\"><em><span style=\"color: #993300;\">Eram poucos, mas corajosos e portadores do sentimento de afeto solid\u00e1rio.<\/span><\/em><\/span><\/p>\n<p><span style=\"font-family: 'comic sans ms', sans-serif;\"><em><span style=\"color: #993300;\">E planejando, executavam a\u00e7\u00f5es em pra\u00e7as, est\u00e1dios e locais de grande aglomera\u00e7\u00e3o para alertar o povo, a exemplo dos corajosos, <strong>Antonio de Andrade e Silva<\/strong> e <strong>Manoel Barbosa Filho<\/strong>, naquele ato de resist\u00eancia contra a Lei de Seguran\u00e7a Nacional e contra todos os atos do arb\u00edtrio, que os levou a pris\u00e3o e a greve de fome pela liberdade.<\/span><\/em><\/span><\/p>\n<p><span style=\"font-family: 'comic sans ms', sans-serif;\"><em><span style=\"color: #993300;\">Nestes tempos que ainda colhemos os efeitos do arb\u00edtrio, o Papa Francisco I pede aos jovens para preservar e apreender o conhecimento dos mais velhos, para superarmos os tempos desqualificados.<\/span><\/em><\/span><\/p>\n<p><span style=\"font-family: 'comic sans ms', sans-serif;\"><em><span style=\"color: #993300;\">Tempos em que relembrar a atitude de Andrade e Barbosa, nos d\u00e1 alento por saber que o esp\u00edrito da democracia e do humanismo sempre se revela para nos salvar da mediocridade do arb\u00edtrio. Como se fossem esp\u00edritos deposit\u00e1rios da coragem, como nos ensina Pichon Riviere, em sua teoria do v\u00ednculo. Esp\u00edritos que sempre aparecem neste imenso teatro humano e acabam por ser s\u00edmbolo dos tempos.<\/span><\/em><\/span><\/p>\n<p><span style=\"font-family: 'comic sans ms', sans-serif;\"><em><span style=\"color: #993300;\">\u00a0<\/span><\/em><\/span><\/p>\n<p><span style=\"font-family: 'comic sans ms', sans-serif;\"><em><span style=\"color: #993300;\"><strong>Geraldo Serathiuk<\/strong>, advogado<\/span><\/em><\/span><\/p>\n<p><span style=\"font-family: 'comic sans ms', sans-serif;\">\u00a0<\/span><\/p>\n","protected":false},"excerpt":{"rendered":"<p>Andrade, Barbosa e o esp\u00edrito da coragem! \u00a0 Ap\u00f3s a Segunda Guerra o mundo come\u00e7ou a experimentar a democracia. Aqui a gera\u00e7\u00e3o de nossos pais fez a Constitui\u00e7\u00e3o democr\u00e1tica de 1946, que foi rasgada em 1964. Tempos em que se formou uma gera\u00e7\u00e3o com esp\u00edrito democr\u00e1tico e humanista. Veio o tempo autorit\u00e1rio, comandada pelos Inimigos &hellip; <\/p>\n<p><a class=\"more-link btn\" href=\"https:\/\/comissaodaverdade.ufpr.br\/?page_id=311\">Continue lendo<\/a><\/p>\n","protected":false},"author":1,"featured_media":0,"parent":0,"menu_order":0,"comment_status":"open","ping_status":"open","template":"","meta":{"footnotes":""},"class_list":["post-311","page","type-page","status-publish","hentry","nodate","item-wrap"],"_links":{"self":[{"href":"https:\/\/comissaodaverdade.ufpr.br\/index.php?rest_route=\/wp\/v2\/pages\/311"}],"collection":[{"href":"https:\/\/comissaodaverdade.ufpr.br\/index.php?rest_route=\/wp\/v2\/pages"}],"about":[{"href":"https:\/\/comissaodaverdade.ufpr.br\/index.php?rest_route=\/wp\/v2\/types\/page"}],"author":[{"embeddable":true,"href":"https:\/\/comissaodaverdade.ufpr.br\/index.php?rest_route=\/wp\/v2\/users\/1"}],"replies":[{"embeddable":true,"href":"https:\/\/comissaodaverdade.ufpr.br\/index.php?rest_route=%2Fwp%2Fv2%2Fcomments&post=311"}],"version-history":[{"count":4,"href":"https:\/\/comissaodaverdade.ufpr.br\/index.php?rest_route=\/wp\/v2\/pages\/311\/revisions"}],"predecessor-version":[{"id":319,"href":"https:\/\/comissaodaverdade.ufpr.br\/index.php?rest_route=\/wp\/v2\/pages\/311\/revisions\/319"}],"wp:attachment":[{"href":"https:\/\/comissaodaverdade.ufpr.br\/index.php?rest_route=%2Fwp%2Fv2%2Fmedia&parent=311"}],"curies":[{"name":"wp","href":"https:\/\/api.w.org\/{rel}","templated":true}]}}